 q(w) = 6*a(w) + 5*o(w). Let c be q(-8). What is x(c)?
28
Let z be (-3)/2*20/(-15). Let u(p) = 3*p**2 - 2*p**z + 3 - 6 + 2. Let s = -2199 + 2200. Calculate u(s).
0
Suppose -4*j + 5*c = -28, -4*j - 12 = -90*c + 95*c. Let g(f) = 58*f - 114. What is g(j)?
2
Let k(i) = 11*i + 1075. Let n be k(-98). Let b(o) = 3*o**3 + 8*o**2 - 5*o - 7. Calculate b(n).
-1
Let m(a) = -a + 7. Let b be m(6). Let g(z) = -z + z**2 + 13617085696 - 13617085697 + 2*z + 61*z**3. Determine g(b).
62
Let f(u) = -17*u + u**2 + 44*u**2 - 6 - 43*u**2. Give f(9).
3
Let o(b) = b**3 - 5*b**2 - 19*b + 34. Let u(q) = 280*q + 567. Let y be u(-2). Give o(y).
-1
Let k(b) = -2*b - 2. Let v(c) = -c**3 - 11*c**2 - 16*c - 14. Let y(t) = -t**2 - t. Let r(g) = v(g) - 3*y(g). Let f be r(-6). What is k(f)?
14
Suppose 82*t + 2174 = 534. Let o(r) = -r**2 - 18*r + 35. Calculate o(t).
-5
Let q = -32 - -32. Let n(b) = -21 - 23 + q*b + 42 + 2*b. Give n(1).
0
Let h(u) = -58*u + 115*u - 2*u**3 + 5*u**2 + u**3 - 48*u - 37 - 15*u**2. What is h(-11)?
-15
Let j(l) = 2*l**2 + 4*l - 14. Let p be j(2). Let m(s) = -p - 5*s + 13*s + 15 - 8*s + s. Give m(-13).
0
Let s(x) = -17*x + 1. Let t be s(3). Let w = -47 - t. Suppose -4*k = -5*i - 22, w*i - k = -5 - 11. Let l(m) = m**2 + 8*m + 6. Give l(i).
-6
Let t(u) be the first derivative of u**2/2 - 2*u + 449. Let m(i) = i**2 - 3*i - 6. Let f be m(5). Give t(f).
2
Let u = -13 + 12. Let n(a) be the second derivative of -a**3/2 + 1070*a. Calculate n(u).
3
Suppose -2*q - 18*i + 20*i + 20 = 0, -2*q = -i - 14. Let g(f) be the first derivative of -2*f**3/3 + 5*f**2/2 - 2*f - 1. What is g(q)?
-14
Let p(q) = -20*q + 23. Let j(k) = -56*k + 70. Let a = -357 - -349. Let t(s) = a*p(s) + 3*j(s). Give t(4).
-6
Let u be (-1424)/(-623) - (3 + 52/(-14)). Let c(o) = 2*o + 4. What is c(u)?
10
Let g(j) be the third derivative of 2/3*j**3 - 1/8*j**4 - 23 + 3*j**2 + 0*j + 1/20*j**5. Determine g(3).
22
Let u(v) = 3*v**3 - 5*v**2 - 11*v - 5. Let f = 8 + -9. Let t(o) = o**3 - o. Let k(j) = f*u(j) + 4*t(j). Let c be -2 + 12/21*35/(-10). Calculate k(c).
-7
Let q(w) = -2*w**2 + 7*w - 3. Let r be q(4). Let s(z) = -z**3 + z**2 - 2*z + 1. Let f(k) = 3*k**3 - 11*k**2 + 9*k + 4. Let d(p) = f(p) + 4*s(p). Give d(r).
1
Let l = 13 - 9. Let o(n) = 16*n**2 - 3*n + 2. Let r be o(1). Let u(x) = -2 - 3*x + r*x**2 - 14*x**2 + 2 - 3. Give u(l).
1
Suppose w - 7 = s - 0*s, 5*s + 4*w - 10 = 0. Let t(y) = 2*y + 57. Let r(a) = 3*a + 76. Let p(n) = -3*r(n) + 4*t(n). Calculate p(s).
2
Let p(z) = 3*z - 3. Let g(h) = 18*h - 20. Let i(n) = g(n) - 5*p(n). What is i(4)?
7
Let r(j) be the first derivative of -82 + 3*j - 1/2*j**2. What is r(8)?
-5
Suppose 2*y - 9*w - 142 = -6*w, -5*y = 5*w - 305. Let x(v) = 2*v + 47 + y - 121. Determine x(8).
7
Let a(l) = 4*l**3 - 51*l**2 + 19*l + 195. Let c(h) = h**3 - h**2 + 3*h + 1. Let i(d) = -a(d) + 5*c(d). What is i(-46)?
-6
Let f(s) = -2*s**3 + 2*s**2 + 2*s + 2. Let g(j) = 3*j**3 - 5*j**2 - 3*j - 3. Let x(r) = -5*f(r) - 3*g(r). Suppose -14*i - 47*i = -397*i - 1344. Give x(i).
19
Let m(f) = -71*f + 649. Let x be m(9). Let l(u) = -21*u + 211. Determine l(x).
1
Let b be (0 - 4/3)/((-1183)/105 - -11). Let i(k) = k**3 - 5*k**2 + 13*k - 65. What is i(b)?
0
Let f be 4 - (5 - (-2 + 5)). Suppose -6 = -0*d + f*d. Let z be d + ((5 - 1) + -1)*-1. Let v(m) = -m - 10. Determine v(z).
-4
Let o(m) = 5*m - 1. Let p(u) = -u**3 - u**2 + u - 6. Let w be p(-3). Suppose -14*v + w*v + 10 = 0. Let c(b) = -b**2 + b + 1. Let i be c(v). Determine o(i).
-6
Let j(o) be the third derivative of o**6/120 - 7*o**5/60 + o**4/4 + o**3/6 + 137*o**2. Let n be (-1 + -29)*(-22)/55. Suppose -h - n = -3*h. Determine j(h).
1
Let u = 49 - 43. Let y(f) = f**2 - 81*f**3 - 7*f**2 - u*f + 4 + 82*f**3. Calculate y(7).
11
Let v = 12330 - 12323. Let u(b) = b**2 + 15*b - 143. Calculate u(v).
11
Let k(t) be the first derivative of -t**3/3 - 25*t**2/2 - 122*t + 1457. Calculate k(-18).
4
Let f(j) = -7*j**2 - 24*j + 197. Let q(m) = 6*m**2 + 2*m + 2. Let s(y) = -f(y) - q(y). Calculate s(-29).
4
Let h(o) be the first derivative of o**3/3 - 7*o**2/2 + 10*o + 1397. Give h(4).
-2
Let r = -114709 + 114711. Let t(k) = 3*k**2 - k + 7*k**3 - 5*k**2 + 2*k - 4*k**3. What is t(r)?
18
Let g(u) = u**2 - 15*u - 30. Suppose -72 = -4*t + 2*m, 0 = -33*t + 30*t + m + 56. Calculate g(t).
70
Suppose -3*u - 10 = -24*u + 95. Let o(g) = -g**3 + 4*g**2 + 5*g - 9. Give o(u).
-9
Let h(b) = -b**3 + 5*b**2 - 3*b + 1. Let o be h(6). Let x = o - -80. Let u be x/(-2)*(-22)/33. Let f(z) = z - 7. Give f(u).
2
Let v be (3 + -2)/1*4. Let z be (-1)/(-4) + 4509/668. Let g(l) = 8 + 7*l**2 + 11*l**2 + v*l - 26*l**2 + z*l**2. Give g(6).
-4
Let i(o) = 2*o**2 + 2*o - 1. Let n be (2 + (-2)/2)*5. Let j(v) = -8*v**2 + v**3 + 3*v**2 - 5*v + v**2 + 0*v**3 - 2. Let w be j(n). Determine i(w).
3
Let z be (-79)/(-9) - (-16)/72. Suppose -9 = 3*a - z. Let n(s) = -s - 10. Give n(a).
-10
Let g be (1 - 10/2)*(-44)/88. Suppose p + 1 = 0, 3*s = -g*s - p + 4. Let a(z) = -27*z + 1. What is a(s)?
-26
Let d = 22 + -8. Let f = -5 + d. Let l be (-2)/f + (-60)/(-27). Let c(s) = 3*s**2 - s. What is c(l)?
10
Let q(r) = -85 - r**2 + 26*r + 27*r + 24*r + 36*r - 92*r. Give q(7).
13
Let y(w) be the first derivative of w**3/3 - 4*w**2 + 6*w - 9420. Give y(7).
-1
Let f(v) be the first derivative of -3*v**2 + 6*v - 25. Suppose 8 - 4 = -2*h - 2*r, -4*h + r = -12. Calculate f(h).
-6
Let f(b) = 11*b**2 + 33*b + 29. Let w be (6/(-12))/(4/32). Let x(k) = 5*k**2 + 16*k + 14. Let a(q) = w*f(q) + 9*x(q). Give a(-10).
-10
Let u(s) = 2 - 5*s + 3*s - 8 - 4 + s. Calculate u(-3).
-7
Let i(x) be the first derivative of x**3/3 + 3*x**2 + 5*x - 861. Let k = 4 + -9. Give i(k).
0
Let z(f) be the second derivative of -11*f**3/3 - 7*f**2 - 4*f - 227. Calculate z(-5).
96
Let x(r) = -r + 2*r + 0*r + 10 - 3. Let o = 5331 + -5336. Determine x(o).
2
Let f(k) be the first derivative of -2 - 1/4*k**4 + 20*k + 0*k**2 + 0*k**3. Suppose 5*t = 4*a + 35, -366*a + 35 = -371*a + 5*t. Give f(a).
20
Let a(o) = -2*o**2 + 41*o - 51. Let d be a(19). Let u(s) = -3*s - 1. Let n be u(-1). Let v(y) = 13*y**3 - 6*y**3 - d*y**3 + y + y**n + 2 + 0*y. What is v(0)?
2
Let v(i) be the second derivative of 1/20*i**5 + 7*i**2 - 1/6*i**3 + 4*i + 3 - i**4. Determine v(12).
2
Let l(s) = -s**3 - 17*s**2 - 37*s - 57. Let z(d) = d**3 + 16*d**2 + 21*d + 57. Let h(i) = -2*l(i) - 3*z(i). What is h(-15)?
3
Suppose 433 = 127*z + 52. Let r(i) be the third derivative of 3*i**4/8 - 2*i**3/3 + i**2. Calculate r(z).
23
Let m(r) = 34*r**2 + 31*r + 75. Let t(j) = 7*j**2 + 6*j + 15. Let q(z) = 6*m(z) - 29*t(z). What is q(-8)?
-17
Let w(o) = 3*o + 1. Suppose 3*p + 9 = -3*h, 3*h - 4*h + 2*p = -12. Suppose 16 = -h*a - 2*t, 5*a - 5*t + 4*t + 40 = 0. What is w(a)?
-23
Let f(a) = 14*a**2 - a - 2. Suppose -5*i - 356 = -20*i - 341. Determine f(i).
11
Let v(i) = i**2 - i + 3. Let s be (-4)/(1 - 4/12). Let m be (4/(-3))/(s/45). Let x(h) = -h**2 + 9*h + 13. Let f be x(m). Calculate v(f).
9
Let o(r) = 2*r**2 + 3*r + 40. Let k be o(0). Let b be 1/(-4) + 250/k. Let u(m) = 0 + m**3 + 5 + 1 + 3*m + 1 - b*m**2. Determine u(5).
-3
Let s(o) = -4*o**2 + 33*o + 37. Let j(d) = 12*d**2 - 99*d - 102. Let m(q) = 4*j(q) + 11*s(q). Calculate m(8).
-9
Let d(y) be the third derivative of 0 + 0*y - 1/6*y**4 - 1/60*y**5 + 1/2*y**3 + 83*y**2. What is d(-5)?
-2
Let v(l) = -2*l**2 - 933 + 0*l + 0*l + 3*l + 1858 - 928. Suppose 2*d = -2*b - 2, -3*b + 7*b + 2 = -5*d. Give v(b).
-30
Let f(t) = 2*t**2 + 4*t - 1. Suppose -19 = -5*d + 1. Let i(a) = 11*a - 47. Let j be i(d). Give f(j).
5
Let t(a) be the first derivative of a**4/2 + 16*a**3/3 + 6*a**2 + 17*a + 5734. Determine t(-8).
-79
Suppose 20 = -5*a, -2*a + 7*a = -i + 109. Let y(j) = 63 + 63 - j**2 - i. Suppose -2*w + 8 - 2 = 0. What is y(w)?
-12
Let r(p) = p**3 + 5*p**2 - 3*p + 2. Let m(c) = 8*c - 1 + c**2 + 12 + 2*c. Let v = 5 + -7. Let a be m(v). What is r(a)?
17
Let d be (-16)/(-6) + (-21)/(-9) + -3. Suppose -6 + d = z. Let k be (-192)/30 + 3/(-30)*z. Let b(t) = -t**2 - 8*t - 5. What is b(k)?
7
Let s(o) be the second derivative of 3*o**3/2 - o**2/2 + 118*o - 4. Let x(a) = 2*a**2 - 2*a - 2. Let d be x(2). Give s(d).
17
Let f = 116 - 91. Suppose 75*t - f = 70*t. Let y(c) = t*c - c + c**2 - 2*c. What is y(-2)?
0
Let h(n) = 2*n - 21 - 37*n + 34*n + 4*n. Give h(-6